digit of 51777472?
7
What is the millions digit of 37001110?
7
What is the millions digit of 13960251?
3
What is the thousands digit of 436086787?
6
What is the ten millions digit of 284865488?
8
What is the tens digit of 176967515?
1
What is the units digit of 266857630?
0
What is the millions digit of 2159196767?
9
What is the hundreds digit of 40161883?
8
What is the hundreds digit of 112994001?
0
What is the thousands digit of 20325162?
5
What is the hundred thousands digit of 84325978?
3
What is the thousands digit of 39069287?
9
What is the units digit of 21042004?
4
What is the ten thousands digit of 1148756559?
5
What is the ten millions digit of 23819999?
2
What is the tens digit of 888974?
7
What is the thousands digit of 32574638?
4
What is the thousands digit of 353363266?
3
What is the ten thousands digit of 539983072?
8
What is the hundred millions digit of 341239725?
3
What is the thousands digit of 2504119170?
9
What is the ten millions digit of 3253891718?
5
What is the hundred thousands digit of 58408515?
4
What is the ten millions digit of 110222192?
1
What is the thousands digit of 109433780?
3
What is the hundred millions digit of 971025720?
9
What is the tens digit of 541252647?
4
What is the hundred thousands digit of 249176306?
1
What is the hundred thousands digit of 62168320?
1
What is the hundred thousands digit of 101090605?
0
What is the millions digit of 1909046315?
9
What is the hundred thousands digit of 265762892?
7
What is the hundred millions digit of 640862720?
6
What is the millions digit of 4930380300?
0
What is the units digit of 312491826?
6
What is the hundred thousands digit of 30061200?
0
What is the units digit of 188043625?
5
What is the hundred thousands digit of 2083106766?
1
What is the thousands digit of 1417130517?
0
What is the hundred thousands digit of 86867876?
8
What is the thousands digit of 3558436838?
6
What is the thousands digit of 50696472?
6
What is the ten millions digit of 358525765?
5
What is the hundred thousands digit of 1729518949?
5
What is the hundred millions digit of 228781470?
2
What is the hundred thousands digit of 106278495?
2
What is the ten thousands digit of 4403594176?
9
What is the hundreds digit of 855709699?
6
What is the tens digit of 6392186977?
7
What is the hundreds digit of 19517729?
7
What is the ten millions digit of 69507235?
6
What is the hundreds digit of 1023345933?
9
What is the tens digit of 7466911?
1
What is the hundred millions digit of 1639024160?
6
What is the units digit of 215891058?
8
What is the tens digit of 195032986?
8
What is the hundred thousands digit of 3242322?
2
What is the hundreds digit of 201006263?
2
What is the tens digit of 3507052362?
6
What is the thousands digit of 94448275?
8
What is the hundred thousands digit of 1325166777?
1
What is the units digit of 55148539?
9
What is the ten millions digit of 131198397?
3
What is the hundreds digit of 1387292601?
6
What is the hundred thousands digit of 6446424?
4
What is the hundreds digit of 113957792?
7
What is the thousands digit of 601964944?
4
What is the thousands digit of 2216972920?
2
What is the thousands digit of 380811962?
1
What is the hundreds digit of 4035429593?
5
What is the tens digit of 182335699?
9
What is the hundreds digit of 1346697212?
2
What is the billions digit of 3831899263?
3
What is the tens digit of 1710699136?
3
What is the ten thousands digit of 349554730?
5
What is the hundred thousands digit of 39242862?
2
What is the thousands digit of 243709276?
9
What is the ten thousands digit of 41852067?
5
What is the millions digit of 19377778?
9
What is the tens digit of 194887309?
0
What is the billions digit of 2765769519?
2
What is the ten thousands digit of 1412577391?
7
What is the tens digit of 643176492?
9
What is the tens digit of 112681580?
8
What is the millions digit of 308094267?
8
What is the hundred thousands digit of 1265066512?
0
What is the ten thousands digit of 1281379952?
7
What is the billions digit of 3297568476?
3
What is the tens digit of 21539424?
2
What is the hundreds digit of 448736607?
6
What is the hundred millions digit of 360739491?
3
What is the hundred millions digit of 1535121371?
5
What is the hundred thousands digit of 393551857?
5
What is the tens digit of 1564415555?
5
What is the millions digit of 318523447?
8
What is the hundred thousands digit of 1406507184?
5
What is the units digit of 55726901?
1
What is the units digit of 1038656620?
0
What is the units digit of 460397109?
9
What is the millions digit of 8333740726?
3
What is the tens digit of 16316581?
8
What is the thousands digit of 34021067?
1
What is the ten thousands digit of 1770730320?
3
What is the hundreds digit of 2038846020?
0
What is the ten millions digit of 1590733608?
9
What is the ten millions digit of 57612714?
5
What is the tens digit of 1438976114?
1
What is the ten millions digit of 3688720688?
8
What is the thousands digit of 833150620?
0
What is the millions digit of 227593933?
7
What is the units digit of 234758762?
2
What is the thousands digit of 2850285789?
5
What is the tens digit of 81976876?
7
What is the hundreds digit of 38798397?
3
What is the thousands digit of 967466469?
6
What is the thousands digit of 158557857?
7
What is the tens digit of 54168360?
6
What is the tens digit of 34724759?
5
What is the thousands digit of 34424442?
4
What is the thousands digit of 6471631104?
1
What is the tens digit of 2011233765?
6
What is the hundred thousands digit of 76980668?
9
What is the ten thousands digit of 777244990?
4
What is the thousands digit of 1405102874?
2
What is the thousands digit of 373594541?
4
What is the tens digit of 197788912?
1
What is the ten millions digit of 2856988143?
5
What is the tens digit of 54163418?
1
What is the hundred thousands digit of 6733148?
7
What is the thousands digit of 491432914?
2
What is the hundred thousands digit of 88864514?
8
What is the units digit of 385331178?
8
What is the hundred millions digit of 4454819249?
4
What is the hundred millions digit of 114481369?
1
What is the ten thousands digit of 1198681897?
8
What is the hundred thousands digit of 59854977?
8
What is the millions digit of 32330826?
2
What is the millions digit of 616073979?
6
What is the ten thousands digit of 154462633?
6
What is the millions digit of 73977223?
3
What is the ten thousands digit of 50349149?
4
What is the hundred thousands digit of 4550911?
5
What is the hundred thousands digit of 338611418?
6
What is the hundreds digit of 196097761?
7
What is the tens digit of 558165081?
8
What is the thousands digit of 12266731?
6
What is the millions digit of 764162329?
4
What is the units digit of 93052716?
6
What is the thousands digit of 4074807?
4
What is the units digit of 196107626?
6
What is the tens digit of 972602295?
9
What is the tens digit of 560228303?
0
What is the ten thousands digit of 2448677377?
7
What is the hundred thousands digit of 32339003?
3
What is the billions digit of 1938444687?
1
What is the units digit of 245420510?
0
What is the units digit of 349758739?
9
What is the hundreds digit of 185001996?
9
What is the thousands digit of 4236537106?
7
What is the hundreds digit of 1139187583?
5
What is the hundred millions digit of 1301137468?
3
What is the hundreds digit of 808253893?
8
What is the ten thousands digit of 34413135?
1
What is the hundred thousands digit of 272348316?
3
What is the millions digit of 2449697675?
9
What is the millions digit of 93427563?
3
What is the thousands digit of 2263199678?
9
What is the hundred thousands digit of 799946365?
9
What is the ten thousands digit of 6642645763?
4
What is the hundred thousands digit of 1625413599?
4
What is the millions digit of 193595667?
3
What is the millions digit of 611302023?
1
What is the hundreds digit of 154096630?
6
What is the units digit of 53032838?
8
What is the tens digit of 45829950?
5
What is the ten thousands digit of 123641677?
4
What is the units digit of 3272214569?
9
What is the tens digit of 120685057?
5
What is the units digit of 5036345620?
0
What is the units digit of 970934295?
5
What is the millions digit of 597624331?
7
What is the ten thousands digit of 2014636021?
3
What is the ten millions d